of 9798 and 5538?
426
What is the highest common factor of 26 and 1222?
26
What is the greatest common divisor of 176 and 11?
11
Calculate the greatest common divisor of 1036 and 3552.
148
What is the greatest common factor of 171 and 342?
171
What is the greatest common divisor of 583 and 11?
11
What is the greatest common factor of 272 and 17?
17
Calculate the highest common divisor of 368 and 400.
16
What is the highest common divisor of 625 and 175?
25
Calculate the highest common divisor of 8342 and 582.
194
Calculate the highest common divisor of 310 and 80.
10
What is the greatest common factor of 49 and 91?
7
What is the greatest common factor of 30 and 132?
6
What is the highest common factor of 371 and 28?
7
Calculate the highest common factor of 36 and 1692.
36
Calculate the highest common divisor of 630 and 126.
126
Calculate the greatest common divisor of 6 and 51.
3
Calculate the greatest common divisor of 416 and 676.
52
Calculate the highest common divisor of 6288 and 5109.
393
Calculate the highest common divisor of 4175 and 25.
25
Calculate the greatest common divisor of 28 and 2044.
28
Calculate the highest common factor of 236 and 4366.
118
What is the greatest common divisor of 128 and 2?
2
Calculate the highest common factor of 2 and 200.
2
What is the highest common factor of 60 and 20940?
60
What is the highest common divisor of 1380 and 90?
30
What is the greatest common factor of 5056 and 768?
64
What is the highest common factor of 276 and 8?
4
Calculate the greatest common divisor of 168 and 23436.
84
What is the highest common factor of 184 and 23?
23
Calculate the highest common factor of 24 and 414.
6
What is the greatest common divisor of 4 and 8444?
4
Calculate the highest common factor of 39 and 663.
39
What is the greatest common factor of 22023 and 9?
9
What is the greatest common factor of 2303 and 49?
49
Calculate the highest common factor of 38 and 10032.
38
What is the highest common divisor of 64 and 44?
4
What is the highest common divisor of 845 and 13?
13
What is the greatest common factor of 40 and 45940?
20
Calculate the greatest common divisor of 74 and 14726.
74
Calculate the greatest common factor of 290 and 38860.
290
What is the highest common factor of 4275 and 171?
171
What is the highest common factor of 20 and 1340?
20
Calculate the greatest common divisor of 13 and 52.
13
What is the highest common divisor of 44 and 308?
44
What is the greatest common divisor of 70 and 343?
7
Calculate the highest common factor of 54 and 6021.
27
Calculate the highest common divisor of 840 and 189.
21
Calculate the highest common factor of 404 and 4.
4
What is the highest common factor of 575 and 25?
25
Calculate the greatest common divisor of 259 and 7.
7
What is the highest common factor of 10 and 970?
10
What is the greatest common divisor of 11384 and 8?
8
What is the highest common divisor of 869 and 11?
11
What is the highest common factor of 68 and 578?
34
Calculate the highest common factor of 18 and 4.
2
Calculate the greatest common factor of 48 and 4404.
12
What is the highest common factor of 14659 and 137?
137
Calculate the greatest common divisor of 80 and 430.
10
Calculate the greatest common divisor of 12104 and 136.
136
Calculate the greatest common divisor of 135 and 12933.
27
Calculate the highest common factor of 825 and 150.
75
Calculate the greatest common factor of 969 and 3249.
57
What is the highest common factor of 3612 and 63?
21
What is the highest common divisor of 45 and 5?
5
Calculate the greatest common divisor of 476 and 340.
68
Calculate the highest common factor of 640 and 10.
10
Calculate the greatest common factor of 40 and 8.
8
What is the greatest common divisor of 688 and 32?
16
Calculate the highest common divisor of 15 and 1755.
15
Calculate the greatest common divisor of 17031 and 21.
21
What is the greatest common factor of 2772 and 165?
33
Calculate the greatest common factor of 2166 and 114.
114
Calculate the highest common divisor of 530 and 30.
10
Calculate the greatest common divisor of 760 and 2120.
40
What is the highest common factor of 10395 and 70?
35
Calculate the greatest common divisor of 348 and 12.
12
What is the greatest common divisor of 480 and 96?
96
What is the greatest common factor of 260 and 2184?
52
Calculate the greatest common divisor of 13943 and 573.
191
What is the highest common factor of 1316 and 2380?
28
Calculate the highest common factor of 48 and 228.
12
Calculate the greatest common divisor of 476 and 140.
28
What is the highest common divisor of 13 and 1781?
13
Calculate the highest common divisor of 3971 and 22.
11
Calculate the highest common divisor of 250 and 10.
10
What is the greatest common factor of 1564 and 368?
92
Calculate the greatest common factor of 132 and 384.
12
What is the highest common divisor of 2375 and 50?
25
Calculate the highest common divisor of 375 and 45.
15
Calculate the highest common factor of 2316 and 8.
4
Calculate the greatest common factor of 988 and 221.
13
Calculate the greatest common divisor of 48 and 1440.
48
What is the highest common factor of 208 and 26?
26
Calculate the greatest common factor of 138 and 874.
46
Calculate the greatest common divisor of 585 and 468.
117
What is the highest common factor of 46 and 2?
2
What is the greatest common divisor of 91 and 312?
13
What is the highest common divisor of 423 and 9?
9
What is the greatest common divisor of 78 and 26?
26
Calculate the highest common divisor of 198 and 2112.
66
Calculate the highest common divisor of 11 and 671.
11
What is the highest common divisor of 233 and 7223?
233
Calculate the highest common factor of 133 and 3059.
133
What is the greatest common factor of 4 and 582?
2
Calculate the greatest common factor of 451 and 77.
11
Calculate the highest common divisor of 987 and 1551.
141
Calculate the highest common divisor of 8 and 236.
4
Calculate the highest common divisor of 40216 and 88.
88
What is the highest common divisor of 3296 and 64?
32
What is the greatest common factor of 42 and 1560?
6
What is the highest common divisor of 70 and 154?
14
Calculate the highest common divisor of 1 and 139.
1
Calculate the greatest common factor of 10 and 2765.
5
Calculate the greatest common factor of 140 and 580.
20
What is the highest common divisor of 784 and 496?
16
Calculate the highest common factor of 81 and 162.
81
Calculate the greatest common factor of 562 and 10.
2
What is the highest common factor of 483 and 21?
21
Calculate the highest common factor of 110 and 495.
55
Calculate the greatest common divisor of 3 and 201.
3
What is the highest common factor of 54 and 10998?
18
Calculate the highest common divisor of 1336 and 296.
8
Calculate the highest common divisor of 2108 and 124.
124
What is the greatest common factor of 550 and 450?
50
Calculate the highest common factor of 21 and 189.
21
Calculate the highest common divisor of 1716 and 715.
143
What is the highest common divisor of 357 and 51?
51
What is the greatest common factor of 12 and 172?
4
What is the greatest common factor of 43672 and 212?
212
What is the greatest common divisor of 580 and 420?
20
Calculate the highest common factor of 222 and 30.
6
Calculate the greatest common factor of 6750 and 18.
18
What is the greatest common divisor of 20 and 120?
20
What is the highest common factor of 207 and 9?
9
What is the greatest common factor of 68 and 17?
17
Calculate the highest common divisor of 48 and 11472.
48
What is the greatest common divisor of 22 and 803?
11
Calculate the highest common factor of 24 and 202.
2
What is the greatest common factor of 15 and 3345?
15
What is the highest common factor of 10 and 18?
2
What is the highest common divisor of 12510 and 36?
18
Calculate the greatest common factor of 5 and 5.
5
What is the greatest common factor of 3766 and 28?
14
What is the highest common factor of 20 and 5?
5
What is the greatest common divisor of 133 and 3895?
19
Calculate the highest common factor of 4 and 76.
4
What is the greatest common factor of 784 and 32?
16
Calculate the greatest common factor of 21252 and 210.
42
Calculate the greatest common divisor of 40 and 20.
20
What is the highest common divisor of 189 and 9?